{"id":1122,"date":"2020-12-08T10:41:40","date_gmt":"2020-12-08T09:41:40","guid":{"rendered":"http:\/\/abbatia.eu\/?page_id=1122"},"modified":"2024-06-19T11:58:04","modified_gmt":"2024-06-19T09:58:04","slug":"presse","status":"publish","type":"page","link":"http:\/\/abbatia.eu\/index.php\/presse\/","title":{"rendered":"Presse"},"content":{"rendered":"\n<p><strong>GR 2021 :<\/strong> <strong>document \u00e0 t\u00e9l\u00e9charger et liens<\/strong> : <\/p>\n\n\n\n<div class=\"wp-block-file\"><a id=\"wp-block-file--media-1a22b13d-6887-4c48-b038-fcf5f909e3e1\" href=\"http:\/\/abbatia.eu\/wp-content\/uploads\/2021\/05\/DP_GR2021-avril21.pdf\">DP_GR2021 (avril21)<\/a><a href=\"http:\/\/abbatia.eu\/wp-content\/uploads\/2021\/05\/DP_GR2021-avril21.pdf\" class=\"wp-block-file__button\" download aria-describedby=\"wp-block-file--media-1a22b13d-6887-4c48-b038-fcf5f909e3e1\">T\u00e9l\u00e9charger<\/a><\/div>\n\n\n\n<div class=\"wp-block-file\"><a id=\"wp-block-file--media-c51556f4-2fcf-4edc-9a0b-846b13843c8e\" href=\"http:\/\/abbatia.eu\/wp-content\/uploads\/2021\/02\/COMMUNIQUE-GR2021.pdf\">Communiqu\u00e9 de presse-GR2021<\/a><a href=\"http:\/\/abbatia.eu\/wp-content\/uploads\/2021\/02\/COMMUNIQUE-GR2021.pdf\" class=\"wp-block-file__button\" download aria-describedby=\"wp-block-file--media-c51556f4-2fcf-4edc-9a0b-846b13843c8e\">T\u00e9l\u00e9charger<\/a><\/div>\n\n\n\n<div class=\"wp-block-file\"><a id=\"wp-block-file--media-672fa9df-4bbd-4852-9bf8-e05060f1e8df\" href=\"http:\/\/abbatia.eu\/wp-content\/uploads\/2021\/03\/GR2021TRIZAY_expo-Bernard_Piffaretti.jpg\">GR2021TRIZAY_expo-Bernard_Piffaretti<\/a><a href=\"http:\/\/abbatia.eu\/wp-content\/uploads\/2021\/03\/GR2021TRIZAY_expo-Bernard_Piffaretti.jpg\" class=\"wp-block-file__button\" download aria-describedby=\"wp-block-file--media-672fa9df-4bbd-4852-9bf8-e05060f1e8df\">T\u00e9l\u00e9charger<\/a><\/div>\n\n\n\n<div class=\"wp-block-file\"><a id=\"wp-block-file--media-e30225a9-15bf-4c34-b449-ebd2b6863f6c\" href=\"http:\/\/abbatia.eu\/wp-content\/uploads\/2021\/03\/GR2021_St-Savin_2-scaled.jpg\">GR2021_Bruno Peinado the big one World \u00e0 Saint Savin<\/a><a href=\"http:\/\/abbatia.eu\/wp-content\/uploads\/2021\/03\/GR2021_St-Savin_2-scaled.jpg\" class=\"wp-block-file__button\" download aria-describedby=\"wp-block-file--media-e30225a9-15bf-4c34-b449-ebd2b6863f6c\">T\u00e9l\u00e9charger<\/a><\/div>\n\n\n\n<div class=\"wp-block-file\"><a id=\"wp-block-file--media-f60f8fc6-c029-43bc-ada3-147d5e75c1de\" href=\"http:\/\/abbatia.eu\/wp-content\/uploads\/2021\/03\/GR2021TRIZAY_a-scaled.jpg\">GR2021TRIZAY_Emmanuelle Villard \u00e0 Trizay<\/a><a href=\"http:\/\/abbatia.eu\/wp-content\/uploads\/2021\/03\/GR2021TRIZAY_a-scaled.jpg\" class=\"wp-block-file__button\" download aria-describedby=\"wp-block-file--media-f60f8fc6-c029-43bc-ada3-147d5e75c1de\">T\u00e9l\u00e9charger<\/a><\/div>\n\n\n\n<div class=\"wp-block-file\"><a id=\"wp-block-file--media-6cb5e56a-b783-4645-8380-2b9156723b1a\" href=\"http:\/\/abbatia.eu\/wp-content\/uploads\/2021\/03\/GR2021_St-Savin_P1080756-scaled.jpg\">GR2021_St-Savin_exposition g\u00e9n\u00e9rale<\/a><a href=\"http:\/\/abbatia.eu\/wp-content\/uploads\/2021\/03\/GR2021_St-Savin_P1080756-scaled.jpg\" class=\"wp-block-file__button\" download aria-describedby=\"wp-block-file--media-6cb5e56a-b783-4645-8380-2b9156723b1a\">T\u00e9l\u00e9charger<\/a><\/div>\n\n\n\n<div class=\"wp-block-file\"><a id=\"wp-block-file--media-44c732e6-703b-4285-8225-9dd9ab1b911b\" href=\"http:\/\/abbatia.eu\/wp-content\/uploads\/2021\/03\/GR2021_St-Savin_Anna-Baumgart_Weronika-AP-scaled.jpg\">GR2021_St-Savin_Anna-Baumgart_Weronika-AP<\/a><a href=\"http:\/\/abbatia.eu\/wp-content\/uploads\/2021\/03\/GR2021_St-Savin_Anna-Baumgart_Weronika-AP-scaled.jpg\" class=\"wp-block-file__button\" download aria-describedby=\"wp-block-file--media-44c732e6-703b-4285-8225-9dd9ab1b911b\">T\u00e9l\u00e9charger<\/a><\/div>\n\n\n\n<div class=\"wp-block-file\"><a id=\"wp-block-file--media-9e271ffb-cba6-42d2-a6ed-7af822dd302d\" href=\"http:\/\/abbatia.eu\/wp-content\/uploads\/2021\/03\/GR2021TRIZAY_Michel-Blazy.jpg\">GR2021TRIZAY_Michel-Blazy<\/a><a href=\"http:\/\/abbatia.eu\/wp-content\/uploads\/2021\/03\/GR2021TRIZAY_Michel-Blazy.jpg\" class=\"wp-block-file__button\" download aria-describedby=\"wp-block-file--media-9e271ffb-cba6-42d2-a6ed-7af822dd302d\">T\u00e9l\u00e9charger<\/a><\/div>\n\n\n\n<figure class=\"wp-block-gallery has-nested-images columns-default is-cropped wp-block-gallery-1 is-layout-flex wp-block-gallery-is-layout-flex\">\n<figure class=\"wp-block-image size-large\"><img loading=\"lazy\" decoding=\"async\" width=\"1024\" height=\"726\" data-id=\"1206\" src=\"http:\/\/abbatia.eu\/wp-content\/uploads\/2021\/03\/GR2021_St-Savin_Anna-Baumgart_Weronika-AP-1024x726.jpg\" alt=\"Anna Baumgart Weronika\" class=\"wp-image-1206\" srcset=\"http:\/\/abbatia.eu\/wp-content\/uploads\/2021\/03\/GR2021_St-Savin_Anna-Baumgart_Weronika-AP-1024x726.jpg 1024w, http:\/\/abbatia.eu\/wp-content\/uploads\/2021\/03\/GR2021_St-Savin_Anna-Baumgart_Weronika-AP-300x213.jpg 300w, http:\/\/abbatia.eu\/wp-content\/uploads\/2021\/03\/GR2021_St-Savin_Anna-Baumgart_Weronika-AP-768x545.jpg 768w, http:\/\/abbatia.eu\/wp-content\/uploads\/2021\/03\/GR2021_St-Savin_Anna-Baumgart_Weronika-AP-1536x1090.jpg 1536w, http:\/\/abbatia.eu\/wp-content\/uploads\/2021\/03\/GR2021_St-Savin_Anna-Baumgart_Weronika-AP-2048x1453.jpg 2048w, http:\/\/abbatia.eu\/wp-content\/uploads\/2021\/03\/GR2021_St-Savin_Anna-Baumgart_Weronika-AP-830x589.jpg 830w, http:\/\/abbatia.eu\/wp-content\/uploads\/2021\/03\/GR2021_St-Savin_Anna-Baumgart_Weronika-AP-230x163.jpg 230w, http:\/\/abbatia.eu\/wp-content\/uploads\/2021\/03\/GR2021_St-Savin_Anna-Baumgart_Weronika-AP-350x248.jpg 350w, http:\/\/abbatia.eu\/wp-content\/uploads\/2021\/03\/GR2021_St-Savin_Anna-Baumgart_Weronika-AP-480x341.jpg 480w\" sizes=\"auto, (max-width: 1024px) 100vw, 1024px\" \/><figcaption>Anna Baumgart Weronika \u00e0 l&rsquo;abbaye de Saint Savin<\/figcaption><\/figure>\n\n\n\n<figure class=\"wp-block-image size-large\"><img loading=\"lazy\" decoding=\"async\" width=\"1024\" height=\"727\" data-id=\"1205\" src=\"http:\/\/abbatia.eu\/wp-content\/uploads\/2021\/03\/GR2021TRIZAY_Michel-Blazy-1024x727.jpg\" alt=\"Michel Blazy sans titre (les derviches tourneurs)\" class=\"wp-image-1205\" srcset=\"http:\/\/abbatia.eu\/wp-content\/uploads\/2021\/03\/GR2021TRIZAY_Michel-Blazy-1024x727.jpg 1024w, http:\/\/abbatia.eu\/wp-content\/uploads\/2021\/03\/GR2021TRIZAY_Michel-Blazy-300x213.jpg 300w, http:\/\/abbatia.eu\/wp-content\/uploads\/2021\/03\/GR2021TRIZAY_Michel-Blazy-768x545.jpg 768w, http:\/\/abbatia.eu\/wp-content\/uploads\/2021\/03\/GR2021TRIZAY_Michel-Blazy-1536x1090.jpg 1536w, http:\/\/abbatia.eu\/wp-content\/uploads\/2021\/03\/GR2021TRIZAY_Michel-Blazy-2048x1453.jpg 2048w, http:\/\/abbatia.eu\/wp-content\/uploads\/2021\/03\/GR2021TRIZAY_Michel-Blazy-830x589.jpg 830w, http:\/\/abbatia.eu\/wp-content\/uploads\/2021\/03\/GR2021TRIZAY_Michel-Blazy-230x163.jpg 230w, http:\/\/abbatia.eu\/wp-content\/uploads\/2021\/03\/GR2021TRIZAY_Michel-Blazy-350x248.jpg 350w, http:\/\/abbatia.eu\/wp-content\/uploads\/2021\/03\/GR2021TRIZAY_Michel-Blazy-480x341.jpg 480w\" sizes=\"auto, (max-width: 1024px) 100vw, 1024px\" \/><figcaption>Michel Blazy sans titre (les derviches tourneurs) abbaye de Trizay<\/figcaption><\/figure>\n\n\n\n<figure class=\"wp-block-image size-large\"><img loading=\"lazy\" decoding=\"async\" width=\"1024\" height=\"769\" data-id=\"1204\" src=\"http:\/\/abbatia.eu\/wp-content\/uploads\/2021\/03\/GR2021TRIZAY_expo-Bernard_Piffaretti-1024x769.jpg\" alt=\"installation \u00e0 l'abbaye de Trizay\" class=\"wp-image-1204\" srcset=\"http:\/\/abbatia.eu\/wp-content\/uploads\/2021\/03\/GR2021TRIZAY_expo-Bernard_Piffaretti-1024x769.jpg 1024w, http:\/\/abbatia.eu\/wp-content\/uploads\/2021\/03\/GR2021TRIZAY_expo-Bernard_Piffaretti-300x225.jpg 300w, http:\/\/abbatia.eu\/wp-content\/uploads\/2021\/03\/GR2021TRIZAY_expo-Bernard_Piffaretti-768x577.jpg 768w, http:\/\/abbatia.eu\/wp-content\/uploads\/2021\/03\/GR2021TRIZAY_expo-Bernard_Piffaretti-830x623.jpg 830w, http:\/\/abbatia.eu\/wp-content\/uploads\/2021\/03\/GR2021TRIZAY_expo-Bernard_Piffaretti-230x173.jpg 230w, http:\/\/abbatia.eu\/wp-content\/uploads\/2021\/03\/GR2021TRIZAY_expo-Bernard_Piffaretti-350x263.jpg 350w, http:\/\/abbatia.eu\/wp-content\/uploads\/2021\/03\/GR2021TRIZAY_expo-Bernard_Piffaretti-480x360.jpg 480w, http:\/\/abbatia.eu\/wp-content\/uploads\/2021\/03\/GR2021TRIZAY_expo-Bernard_Piffaretti.jpg 1152w\" sizes=\"auto, (max-width: 1024px) 100vw, 1024px\" \/><figcaption>installation \u00e0 l&rsquo;abbaye de Trizay. oeuvre de Bernard Piffaretti, sans titre<\/figcaption><\/figure>\n\n\n\n<figure class=\"wp-block-image size-large\"><img loading=\"lazy\" decoding=\"async\" width=\"1024\" height=\"727\" data-id=\"1212\" src=\"http:\/\/abbatia.eu\/wp-content\/uploads\/2021\/03\/GR2021_St-Savin_2-1024x727.jpg\" alt=\"\" class=\"wp-image-1212\" srcset=\"http:\/\/abbatia.eu\/wp-content\/uploads\/2021\/03\/GR2021_St-Savin_2-1024x727.jpg 1024w, http:\/\/abbatia.eu\/wp-content\/uploads\/2021\/03\/GR2021_St-Savin_2-300x213.jpg 300w, http:\/\/abbatia.eu\/wp-content\/uploads\/2021\/03\/GR2021_St-Savin_2-768x545.jpg 768w, http:\/\/abbatia.eu\/wp-content\/uploads\/2021\/03\/GR2021_St-Savin_2-1536x1090.jpg 1536w, http:\/\/abbatia.eu\/wp-content\/uploads\/2021\/03\/GR2021_St-Savin_2-2048x1453.jpg 2048w, http:\/\/abbatia.eu\/wp-content\/uploads\/2021\/03\/GR2021_St-Savin_2-830x589.jpg 830w, http:\/\/abbatia.eu\/wp-content\/uploads\/2021\/03\/GR2021_St-Savin_2-230x163.jpg 230w, http:\/\/abbatia.eu\/wp-content\/uploads\/2021\/03\/GR2021_St-Savin_2-350x248.jpg 350w, http:\/\/abbatia.eu\/wp-content\/uploads\/2021\/03\/GR2021_St-Savin_2-480x341.jpg 480w\" sizes=\"auto, (max-width: 1024px) 100vw, 1024px\" \/><figcaption>Bruno Peinado The big One World \u00e0 Saint Savin<\/figcaption><\/figure>\n\n\n\n<figure class=\"wp-block-image size-large\"><img loading=\"lazy\" decoding=\"async\" width=\"1024\" height=\"727\" data-id=\"1214\" src=\"http:\/\/abbatia.eu\/wp-content\/uploads\/2021\/03\/GR2021_St-Savin_P1080756-1024x727.jpg\" alt=\"exposition \u00e0 Saint Savin\" class=\"wp-image-1214\" srcset=\"http:\/\/abbatia.eu\/wp-content\/uploads\/2021\/03\/GR2021_St-Savin_P1080756-1024x727.jpg 1024w, http:\/\/abbatia.eu\/wp-content\/uploads\/2021\/03\/GR2021_St-Savin_P1080756-300x213.jpg 300w, http:\/\/abbatia.eu\/wp-content\/uploads\/2021\/03\/GR2021_St-Savin_P1080756-768x545.jpg 768w, http:\/\/abbatia.eu\/wp-content\/uploads\/2021\/03\/GR2021_St-Savin_P1080756-1536x1090.jpg 1536w, http:\/\/abbatia.eu\/wp-content\/uploads\/2021\/03\/GR2021_St-Savin_P1080756-2048x1453.jpg 2048w, http:\/\/abbatia.eu\/wp-content\/uploads\/2021\/03\/GR2021_St-Savin_P1080756-830x589.jpg 830w, http:\/\/abbatia.eu\/wp-content\/uploads\/2021\/03\/GR2021_St-Savin_P1080756-230x163.jpg 230w, http:\/\/abbatia.eu\/wp-content\/uploads\/2021\/03\/GR2021_St-Savin_P1080756-350x248.jpg 350w, http:\/\/abbatia.eu\/wp-content\/uploads\/2021\/03\/GR2021_St-Savin_P1080756-480x341.jpg 480w\" sizes=\"auto, (max-width: 1024px) 100vw, 1024px\" \/><figcaption>exposition \u00e0 Saint Savin<\/figcaption><\/figure>\n\n\n\n<figure class=\"wp-block-image size-large\"><img loading=\"lazy\" decoding=\"async\" width=\"1024\" height=\"727\" data-id=\"1216\" src=\"http:\/\/abbatia.eu\/wp-content\/uploads\/2021\/03\/GR2021TRIZAY_a-1024x727.jpg\" alt=\"\" class=\"wp-image-1216\" srcset=\"http:\/\/abbatia.eu\/wp-content\/uploads\/2021\/03\/GR2021TRIZAY_a-1024x727.jpg 1024w, http:\/\/abbatia.eu\/wp-content\/uploads\/2021\/03\/GR2021TRIZAY_a-300x213.jpg 300w, http:\/\/abbatia.eu\/wp-content\/uploads\/2021\/03\/GR2021TRIZAY_a-768x545.jpg 768w, http:\/\/abbatia.eu\/wp-content\/uploads\/2021\/03\/GR2021TRIZAY_a-1536x1090.jpg 1536w, http:\/\/abbatia.eu\/wp-content\/uploads\/2021\/03\/GR2021TRIZAY_a-2048x1453.jpg 2048w, http:\/\/abbatia.eu\/wp-content\/uploads\/2021\/03\/GR2021TRIZAY_a-830x589.jpg 830w, http:\/\/abbatia.eu\/wp-content\/uploads\/2021\/03\/GR2021TRIZAY_a-230x163.jpg 230w, http:\/\/abbatia.eu\/wp-content\/uploads\/2021\/03\/GR2021TRIZAY_a-350x248.jpg 350w, http:\/\/abbatia.eu\/wp-content\/uploads\/2021\/03\/GR2021TRIZAY_a-480x341.jpg 480w\" sizes=\"auto, (max-width: 1024px) 100vw, 1024px\" \/><figcaption>Emmanuelle Villard Veiniaseryn\u00b0 23\u00e0 l&rsquo;abbaye de Trizay<\/figcaption><\/figure>\n<\/figure>\n\n\n\n<p>lien vers les photos des artistes : <a href=\"https:\/\/drive.google.com\/drive\/folders\/19lufrjWKntguO3wrOcK1tjCIB-7lW2uQ?usp=sharing\" target=\"_blank\" rel=\"noreferrer noopener\">https:\/\/drive.google.com\/drive\/folders\/19lufrjWKntguO3wrOcK1tjCIB-7lW2uQ?usp=sharing<\/a><\/p>\n\n\n\n<div class=\"wp-block-file\"><a id=\"wp-block-file--media-787af4b2-6805-4c27-9ca2-9ba5f00f68d4\" href=\"http:\/\/abbatia.eu\/wp-content\/uploads\/2021\/02\/AFFICHE-GENERALE.pdf\">Affiche g\u00e9n\u00e9rale GR2021<\/a><a href=\"http:\/\/abbatia.eu\/wp-content\/uploads\/2021\/02\/AFFICHE-GENERALE.pdf\" class=\"wp-block-file__button\" download aria-describedby=\"wp-block-file--media-787af4b2-6805-4c27-9ca2-9ba5f00f68d4\">T\u00e9l\u00e9charger<\/a><\/div>\n\n\n\n<div class=\"wp-block-file\"><a id=\"wp-block-file--media-757de3a9-b788-4085-94ec-42a9a4083483\" href=\"http:\/\/abbatia.eu\/wp-content\/uploads\/2021\/02\/prieure-Saint-Jean-lEvangeliste-dit-Abbaye-de-Trizay-17-credit-photo-G-Ecale-scaled.jpg\">photo Abbaye de Trizay<\/a><a href=\"http:\/\/abbatia.eu\/wp-content\/uploads\/2021\/02\/prieure-Saint-Jean-lEvangeliste-dit-Abbaye-de-Trizay-17-credit-photo-G-Ecale-scaled.jpg\" class=\"wp-block-file__button\" download aria-describedby=\"wp-block-file--media-757de3a9-b788-4085-94ec-42a9a4083483\">T\u00e9l\u00e9charger<\/a><\/div>\n\n\n\n<div class=\"wp-block-file\"><a id=\"wp-block-file--media-ccf52005-2162-4911-88df-22cc03d8174b\" href=\"http:\/\/abbatia.eu\/wp-content\/uploads\/2021\/02\/abbaye-de-Saint-Savin-86-credit-photo-Gcom.jpg\">photo abbaye-de-Saint-Savin-86-credit-photo-Gcom<\/a><a href=\"http:\/\/abbatia.eu\/wp-content\/uploads\/2021\/02\/abbaye-de-Saint-Savin-86-credit-photo-Gcom.jpg\" class=\"wp-block-file__button\" download aria-describedby=\"wp-block-file--media-ccf52005-2162-4911-88df-22cc03d8174b\">T\u00e9l\u00e9charger<\/a><\/div>\n\n\n\n<div class=\"wp-block-file\"><a id=\"wp-block-file--media-079a2b85-3018-4fe8-9e76-9b04099d5c95\" href=\"http:\/\/abbatia.eu\/wp-content\/uploads\/2021\/02\/Abbaye-de-Charroux-86-scaled.jpg\">photo Abbaye-de-Charroux-86<\/a><a href=\"http:\/\/abbatia.eu\/wp-content\/uploads\/2021\/02\/Abbaye-de-Charroux-86-scaled.jpg\" class=\"wp-block-file__button\" download aria-describedby=\"wp-block-file--media-079a2b85-3018-4fe8-9e76-9b04099d5c95\">T\u00e9l\u00e9charger<\/a><\/div>\n\n\n\n<div class=\"wp-block-file\"><a id=\"wp-block-file--media-6bfa7009-9d8c-4600-a3ae-1a8e33aa637a\" href=\"http:\/\/abbatia.eu\/wp-content\/uploads\/2021\/02\/abbaye-de-Celles-sur-Belle-79-scaled.jpg\">photo abbaye-de-Celles-sur-Belle-79<\/a><a href=\"http:\/\/abbatia.eu\/wp-content\/uploads\/2021\/02\/abbaye-de-Celles-sur-Belle-79-scaled.jpg\" class=\"wp-block-file__button\" download aria-describedby=\"wp-block-file--media-6bfa7009-9d8c-4600-a3ae-1a8e33aa637a\">T\u00e9l\u00e9charger<\/a><\/div>\n\n\n\n<div class=\"wp-block-file\"><a id=\"wp-block-file--media-f989a469-ed21-4f11-acf5-9b5e980188f6\" href=\"http:\/\/abbatia.eu\/wp-content\/uploads\/2021\/02\/Abbaye-de-Fontdouce-17-\u00a9-Abbaye-de-Fontdouce-scaled.jpg\">photo Abbaye-de-Fontdouce-17-\u00a9-Abbaye-de-Fontdouce<\/a><a href=\"http:\/\/abbatia.eu\/wp-content\/uploads\/2021\/02\/Abbaye-de-Fontdouce-17-\u00a9-Abbaye-de-Fontdouce-scaled.jpg\" class=\"wp-block-file__button\" download aria-describedby=\"wp-block-file--media-f989a469-ed21-4f11-acf5-9b5e980188f6\">T\u00e9l\u00e9charger<\/a><\/div>\n\n\n\n\n\n<div class=\"wp-block-file\"><a id=\"wp-block-file--media-95d36039-708e-41b9-872e-ac46f29adc18\" href=\"http:\/\/abbatia.eu\/wp-content\/uploads\/2021\/02\/abbaye-de-Saint-Amant-de-Boixe-scaled.jpg\">photo abbaye-de-Saint-Amant-de-Boixe<\/a><a href=\"http:\/\/abbatia.eu\/wp-content\/uploads\/2021\/02\/abbaye-de-Saint-Amant-de-Boixe-scaled.jpg\" class=\"wp-block-file__button\" download aria-describedby=\"wp-block-file--media-95d36039-708e-41b9-872e-ac46f29adc18\">T\u00e9l\u00e9charger<\/a><\/div>\n\n\n\n\n\n<figure class=\"wp-block-gallery has-nested-images columns-default is-cropped wp-block-gallery-2 is-layout-flex wp-block-gallery-is-layout-flex\">\n<figure class=\"wp-block-image size-large\"><img loading=\"lazy\" decoding=\"async\" width=\"1024\" height=\"683\" data-id=\"1153\" src=\"http:\/\/abbatia.eu\/wp-content\/uploads\/2021\/02\/CELLE-SUR-BELLE-3-1024x683.jpg\" alt=\"Abbaye de Celles sur Belle\" class=\"wp-image-1153\" srcset=\"http:\/\/abbatia.eu\/wp-content\/uploads\/2021\/02\/CELLE-SUR-BELLE-3-1024x683.jpg 1024w, http:\/\/abbatia.eu\/wp-content\/uploads\/2021\/02\/CELLE-SUR-BELLE-3-300x200.jpg 300w, http:\/\/abbatia.eu\/wp-content\/uploads\/2021\/02\/CELLE-SUR-BELLE-3-768x512.jpg 768w, http:\/\/abbatia.eu\/wp-content\/uploads\/2021\/02\/CELLE-SUR-BELLE-3-1536x1024.jpg 1536w, http:\/\/abbatia.eu\/wp-content\/uploads\/2021\/02\/CELLE-SUR-BELLE-3-2048x1365.jpg 2048w, http:\/\/abbatia.eu\/wp-content\/uploads\/2021\/02\/CELLE-SUR-BELLE-3-830x553.jpg 830w, http:\/\/abbatia.eu\/wp-content\/uploads\/2021\/02\/CELLE-SUR-BELLE-3-230x153.jpg 230w, http:\/\/abbatia.eu\/wp-content\/uploads\/2021\/02\/CELLE-SUR-BELLE-3-350x233.jpg 350w, http:\/\/abbatia.eu\/wp-content\/uploads\/2021\/02\/CELLE-SUR-BELLE-3-480x320.jpg 480w\" sizes=\"auto, (max-width: 1024px) 100vw, 1024px\" \/><figcaption>Abbaye de Celles-sur-Belle (79)<\/figcaption><\/figure>\n\n\n\n<figure class=\"wp-block-image size-large\"><img loading=\"lazy\" decoding=\"async\" width=\"1024\" height=\"768\" data-id=\"1155\" src=\"http:\/\/abbatia.eu\/wp-content\/uploads\/2021\/02\/Charroux-1024x768.jpg\" alt=\"\" class=\"wp-image-1155\" srcset=\"http:\/\/abbatia.eu\/wp-content\/uploads\/2021\/02\/Charroux-1024x768.jpg 1024w, http:\/\/abbatia.eu\/wp-content\/uploads\/2021\/02\/Charroux-300x225.jpg 300w, http:\/\/abbatia.eu\/wp-content\/uploads\/2021\/02\/Charroux-768x576.jpg 768w, http:\/\/abbatia.eu\/wp-content\/uploads\/2021\/02\/Charroux-1536x1152.jpg 1536w, http:\/\/abbatia.eu\/wp-content\/uploads\/2021\/02\/Charroux-2048x1536.jpg 2048w, http:\/\/abbatia.eu\/wp-content\/uploads\/2021\/02\/Charroux-830x623.jpg 830w, http:\/\/abbatia.eu\/wp-content\/uploads\/2021\/02\/Charroux-230x173.jpg 230w, http:\/\/abbatia.eu\/wp-content\/uploads\/2021\/02\/Charroux-350x263.jpg 350w, http:\/\/abbatia.eu\/wp-content\/uploads\/2021\/02\/Charroux-480x360.jpg 480w\" sizes=\"auto, (max-width: 1024px) 100vw, 1024px\" \/><figcaption>Abbaye de Charroux (86)<\/figcaption><\/figure>\n\n\n\n<figure class=\"wp-block-image size-large\"><img loading=\"lazy\" decoding=\"async\" width=\"1024\" height=\"577\" data-id=\"1156\" src=\"http:\/\/abbatia.eu\/wp-content\/uploads\/2021\/02\/Abbaye-de-Fontdouce-Salle-capitulaire-300-dpi-\u00a9-Abbaye-de-Fontdouce-1024x577.jpg\" alt=\"\" class=\"wp-image-1156\" srcset=\"http:\/\/abbatia.eu\/wp-content\/uploads\/2021\/02\/Abbaye-de-Fontdouce-Salle-capitulaire-300-dpi-\u00a9-Abbaye-de-Fontdouce-1024x577.jpg 1024w, http:\/\/abbatia.eu\/wp-content\/uploads\/2021\/02\/Abbaye-de-Fontdouce-Salle-capitulaire-300-dpi-\u00a9-Abbaye-de-Fontdouce-300x169.jpg 300w, http:\/\/abbatia.eu\/wp-content\/uploads\/2021\/02\/Abbaye-de-Fontdouce-Salle-capitulaire-300-dpi-\u00a9-Abbaye-de-Fontdouce-768x433.jpg 768w, http:\/\/abbatia.eu\/wp-content\/uploads\/2021\/02\/Abbaye-de-Fontdouce-Salle-capitulaire-300-dpi-\u00a9-Abbaye-de-Fontdouce-1536x866.jpg 1536w, http:\/\/abbatia.eu\/wp-content\/uploads\/2021\/02\/Abbaye-de-Fontdouce-Salle-capitulaire-300-dpi-\u00a9-Abbaye-de-Fontdouce-2048x1154.jpg 2048w, http:\/\/abbatia.eu\/wp-content\/uploads\/2021\/02\/Abbaye-de-Fontdouce-Salle-capitulaire-300-dpi-\u00a9-Abbaye-de-Fontdouce-830x468.jpg 830w, http:\/\/abbatia.eu\/wp-content\/uploads\/2021\/02\/Abbaye-de-Fontdouce-Salle-capitulaire-300-dpi-\u00a9-Abbaye-de-Fontdouce-230x130.jpg 230w, http:\/\/abbatia.eu\/wp-content\/uploads\/2021\/02\/Abbaye-de-Fontdouce-Salle-capitulaire-300-dpi-\u00a9-Abbaye-de-Fontdouce-350x197.jpg 350w, http:\/\/abbatia.eu\/wp-content\/uploads\/2021\/02\/Abbaye-de-Fontdouce-Salle-capitulaire-300-dpi-\u00a9-Abbaye-de-Fontdouce-480x271.jpg 480w\" sizes=\"auto, (max-width: 1024px) 100vw, 1024px\" \/><figcaption>Abbaye de Fondouce (17)<\/figcaption><\/figure>\n\n\n\n<figure class=\"wp-block-image size-full\"><img loading=\"lazy\" decoding=\"async\" width=\"830\" height=\"531\" data-id=\"1774\" src=\"http:\/\/abbatia.eu\/wp-content\/uploads\/2024\/06\/Arthous-Vue-generale-CD40-\u00a9-S.Zambon-830x531-1.jpg\" alt=\"\" class=\"wp-image-1774\" srcset=\"http:\/\/abbatia.eu\/wp-content\/uploads\/2024\/06\/Arthous-Vue-generale-CD40-\u00a9-S.Zambon-830x531-1.jpg 830w, http:\/\/abbatia.eu\/wp-content\/uploads\/2024\/06\/Arthous-Vue-generale-CD40-\u00a9-S.Zambon-830x531-1-300x192.jpg 300w, http:\/\/abbatia.eu\/wp-content\/uploads\/2024\/06\/Arthous-Vue-generale-CD40-\u00a9-S.Zambon-830x531-1-768x491.jpg 768w, http:\/\/abbatia.eu\/wp-content\/uploads\/2024\/06\/Arthous-Vue-generale-CD40-\u00a9-S.Zambon-830x531-1-230x147.jpg 230w, http:\/\/abbatia.eu\/wp-content\/uploads\/2024\/06\/Arthous-Vue-generale-CD40-\u00a9-S.Zambon-830x531-1-350x224.jpg 350w, http:\/\/abbatia.eu\/wp-content\/uploads\/2024\/06\/Arthous-Vue-generale-CD40-\u00a9-S.Zambon-830x531-1-480x307.jpg 480w\" sizes=\"auto, (max-width: 830px) 100vw, 830px\" \/><figcaption> Abbaye d&rsquo;Arthous (40) cr\u00e9dit photo :     S. Zambon<\/figcaption><\/figure>\n\n\n\n<figure class=\"wp-block-image size-large\"><img loading=\"lazy\" decoding=\"async\" width=\"1024\" height=\"768\" data-id=\"1158\" src=\"http:\/\/abbatia.eu\/wp-content\/uploads\/2021\/02\/DSC00110-1024x768.jpg\" alt=\"\" class=\"wp-image-1158\" srcset=\"http:\/\/abbatia.eu\/wp-content\/uploads\/2021\/02\/DSC00110-1024x768.jpg 1024w, http:\/\/abbatia.eu\/wp-content\/uploads\/2021\/02\/DSC00110-300x225.jpg 300w, http:\/\/abbatia.eu\/wp-content\/uploads\/2021\/02\/DSC00110-768x576.jpg 768w, http:\/\/abbatia.eu\/wp-content\/uploads\/2021\/02\/DSC00110-1536x1152.jpg 1536w, http:\/\/abbatia.eu\/wp-content\/uploads\/2021\/02\/DSC00110-2048x1536.jpg 2048w, http:\/\/abbatia.eu\/wp-content\/uploads\/2021\/02\/DSC00110-830x623.jpg 830w, http:\/\/abbatia.eu\/wp-content\/uploads\/2021\/02\/DSC00110-230x173.jpg 230w, http:\/\/abbatia.eu\/wp-content\/uploads\/2021\/02\/DSC00110-350x263.jpg 350w, http:\/\/abbatia.eu\/wp-content\/uploads\/2021\/02\/DSC00110-480x360.jpg 480w\" sizes=\"auto, (max-width: 1024px) 100vw, 1024px\" \/><figcaption>Abbaye de Saint-Amant-de-Boixe (16)<\/figcaption><\/figure>\n\n\n\n<figure class=\"wp-block-image size-large\"><img loading=\"lazy\" decoding=\"async\" width=\"960\" height=\"960\" data-id=\"1159\" src=\"http:\/\/abbatia.eu\/wp-content\/uploads\/2021\/02\/credit-photo-Gcom.jpg\" alt=\"\" class=\"wp-image-1159\" srcset=\"http:\/\/abbatia.eu\/wp-content\/uploads\/2021\/02\/credit-photo-Gcom.jpg 960w, http:\/\/abbatia.eu\/wp-content\/uploads\/2021\/02\/credit-photo-Gcom-300x300.jpg 300w, http:\/\/abbatia.eu\/wp-content\/uploads\/2021\/02\/credit-photo-Gcom-150x150.jpg 150w, http:\/\/abbatia.eu\/wp-content\/uploads\/2021\/02\/credit-photo-Gcom-768x768.jpg 768w, http:\/\/abbatia.eu\/wp-content\/uploads\/2021\/02\/credit-photo-Gcom-830x830.jpg 830w, http:\/\/abbatia.eu\/wp-content\/uploads\/2021\/02\/credit-photo-Gcom-230x230.jpg 230w, http:\/\/abbatia.eu\/wp-content\/uploads\/2021\/02\/credit-photo-Gcom-350x350.jpg 350w, http:\/\/abbatia.eu\/wp-content\/uploads\/2021\/02\/credit-photo-Gcom-480x480.jpg 480w\" sizes=\"auto, (max-width: 960px) 100vw, 960px\" \/><figcaption>Abbaye de Saint-Savin (86) cr\u00e9dit photo : GCom<\/figcaption><\/figure>\n\n\n\n<figure class=\"wp-block-image size-large\"><img loading=\"lazy\" decoding=\"async\" width=\"1024\" height=\"683\" data-id=\"1160\" src=\"http:\/\/abbatia.eu\/wp-content\/uploads\/2021\/02\/trizay-vue-densemble-8044-1024x683.jpg\" alt=\"\" class=\"wp-image-1160\" srcset=\"http:\/\/abbatia.eu\/wp-content\/uploads\/2021\/02\/trizay-vue-densemble-8044-1024x683.jpg 1024w, http:\/\/abbatia.eu\/wp-content\/uploads\/2021\/02\/trizay-vue-densemble-8044-300x200.jpg 300w, http:\/\/abbatia.eu\/wp-content\/uploads\/2021\/02\/trizay-vue-densemble-8044-768x512.jpg 768w, http:\/\/abbatia.eu\/wp-content\/uploads\/2021\/02\/trizay-vue-densemble-8044-1536x1024.jpg 1536w, http:\/\/abbatia.eu\/wp-content\/uploads\/2021\/02\/trizay-vue-densemble-8044-2048x1365.jpg 2048w, http:\/\/abbatia.eu\/wp-content\/uploads\/2021\/02\/trizay-vue-densemble-8044-830x553.jpg 830w, http:\/\/abbatia.eu\/wp-content\/uploads\/2021\/02\/trizay-vue-densemble-8044-230x153.jpg 230w, http:\/\/abbatia.eu\/wp-content\/uploads\/2021\/02\/trizay-vue-densemble-8044-350x233.jpg 350w, http:\/\/abbatia.eu\/wp-content\/uploads\/2021\/02\/trizay-vue-densemble-8044-480x320.jpg 480w\" sizes=\"auto, (max-width: 1024px) 100vw, 1024px\" \/><figcaption>abbaye de Trizay (17) cr\u00e9dit photo : G. Ecale<\/figcaption><\/figure>\n<\/figure>\n","protected":false},"excerpt":{"rendered":"<p>GR 2021 : document \u00e0 t\u00e9l\u00e9charger et liens : lien vers les [&hellip;]<\/p>\n","protected":false},"author":1,"featured_media":0,"parent":0,"menu_order":0,"comment_status":"closed","ping_status":"closed","template":"","meta":{"footnotes":""},"class_list":["post-1122","page","type-page","status-publish","hentry"],"_links":{"self":[{"href":"http:\/\/abbatia.eu\/index.php\/wp-json\/wp\/v2\/pages\/1122","targetHints":{"allow":["GET"]}}],"collection":[{"href":"http:\/\/abbatia.eu\/index.php\/wp-json\/wp\/v2\/pages"}],"about":[{"href":"http:\/\/abbatia.eu\/index.php\/wp-json\/wp\/v2\/types\/page"}],"author":[{"embeddable":true,"href":"http:\/\/abbatia.eu\/index.php\/wp-json\/wp\/v2\/users\/1"}],"replies":[{"embeddable":true,"href":"http:\/\/abbatia.eu\/index.php\/wp-json\/wp\/v2\/comments?post=1122"}],"version-history":[{"count":17,"href":"http:\/\/abbatia.eu\/index.php\/wp-json\/wp\/v2\/pages\/1122\/revisions"}],"predecessor-version":[{"id":1776,"href":"http:\/\/abbatia.eu\/index.php\/wp-json\/wp\/v2\/pages\/1122\/revisions\/1776"}],"wp:attachment":[{"href":"http:\/\/abbatia.eu\/index.php\/wp-json\/wp\/v2\/media?parent=1122"}],"curies":[{"name":"wp","href":"https:\/\/api.w.org\/{rel}","templated":true}]}}