{"id":23,"date":"2016-10-12T09:49:21","date_gmt":"2016-10-12T07:49:21","guid":{"rendered":"http:\/\/abbatia.eu\/?page_id=23"},"modified":"2016-12-19T14:24:51","modified_gmt":"2016-12-19T13:24:51","slug":"adherer","status":"publish","type":"page","link":"http:\/\/abbatia.eu\/index.php\/adherer\/","title":{"rendered":"Adh\u00e9rer"},"content":{"rendered":"<p>Conform\u00e9ment aux statuts de l\u2019association, tout site monastique ouvert au public peut devenir membre actif ou associ\u00e9 du r\u00e9seau. Le gestionnaire d\u2019un site ferm\u00e9 au public mais avec un projet de valorisation et d\u2019ouverture au public peut \u00e9galement \u00eatre admis.<\/p>\n<p><span style=\"color: #fa0a8a;\">L\u2019int\u00e9gration au r\u00e9seau Abbatia<\/span> implique d\u2019adh\u00e9rer \u00e0 la charte de l\u2019association. L\u2019admission intervient sur d\u00e9cision des membres actifs et fondateurs du r\u00e9seau. Elle est soumise \u00e0 approbation apr\u00e8s pr\u00e9sentation d\u2019un rapport pr\u00e9sent\u00e9 en commission suite \u00e0 une rencontre organis\u00e9e entre un membre actif et le gestionnaire du site.<\/p>\n<p>Si vous souhaitez adh\u00e9rer, veuillez remplir le formulaire ci-joint et nous le retourner par email \u00e0 l\u2019adresse suivante\u00a0:<\/p>\n<p><a href=\"mailto:reseau.abbatia@gmail.com\">reseau.abbatia@gmail.com<\/a>.<\/p>\n<hr \/>\n<p><a href=\"http:\/\/abbatia.eu\/wp-content\/uploads\/2016\/10\/Demande-dadh\u00e9sion-Abbatia.pdf\" target=\"_blank\">Demande d&rsquo;adh\u00e9sion Abbatia<\/a><\/p>\n","protected":false},"excerpt":{"rendered":"<p>Conform\u00e9ment aux statuts de l\u2019association, tout site monastique ouvert au public peut [&hellip;]<\/p>\n","protected":false},"author":1,"featured_media":0,"parent":0,"menu_order":0,"comment_status":"closed","ping_status":"closed","template":"","meta":{"footnotes":""},"class_list":["post-23","page","type-page","status-publish","hentry"],"_links":{"self":[{"href":"http:\/\/abbatia.eu\/index.php\/wp-json\/wp\/v2\/pages\/23","targetHints":{"allow":["GET"]}}],"collection":[{"href":"http:\/\/abbatia.eu\/index.php\/wp-json\/wp\/v2\/pages"}],"about":[{"href":"http:\/\/abbatia.eu\/index.php\/wp-json\/wp\/v2\/types\/page"}],"author":[{"embeddable":true,"href":"http:\/\/abbatia.eu\/index.php\/wp-json\/wp\/v2\/users\/1"}],"replies":[{"embeddable":true,"href":"http:\/\/abbatia.eu\/index.php\/wp-json\/wp\/v2\/comments?post=23"}],"version-history":[{"count":7,"href":"http:\/\/abbatia.eu\/index.php\/wp-json\/wp\/v2\/pages\/23\/revisions"}],"predecessor-version":[{"id":480,"href":"http:\/\/abbatia.eu\/index.php\/wp-json\/wp\/v2\/pages\/23\/revisions\/480"}],"wp:attachment":[{"href":"http:\/\/abbatia.eu\/index.php\/wp-json\/wp\/v2\/media?parent=23"}],"curies":[{"name":"wp","href":"https:\/\/api.w.org\/{rel}","templated":true}]}}