{"id":35,"date":"2016-10-12T09:51:29","date_gmt":"2016-10-12T07:51:29","guid":{"rendered":"http:\/\/abbatia.eu\/?page_id=35"},"modified":"2022-04-21T10:49:34","modified_gmt":"2022-04-21T08:49:34","slug":"mediation","status":"publish","type":"page","link":"http:\/\/abbatia.eu\/index.php\/mediation\/","title":{"rendered":"M\u00e9diation Patrimoine"},"content":{"rendered":"<div class=\"page\" title=\"Page 3\">\n<div class=\"layoutArea\">\n<div class=\"column\">\n<h3><span style=\"color: #fa0a8a;\">UN DIALOGUE<\/span> \u00c0 R\u00c9INVENTER<\/h3>\n<div class=\"page\" title=\"Page 3\">\n<div class=\"layoutArea\">\n<div class=\"column\">\n<p style=\"text-align: justify;\"><span style=\"color: #fa0a8a;\">M<\/span>\u00eame si cela peut sembler une \u00e9vidence de le dire, les membres du r\u00e9seau ABBATIA, font tous le m\u00eame constat : il est n\u00e9cessaire, voire urgent, de renouveler profond\u00e9ment le discours sur la notion\u00a0de patrimoine.<\/p>\n<div class=\"page\" title=\"Page 3\">\n<div class=\"layoutArea\">\n<div class=\"column\" style=\"text-align: justify;\">\n<p><span style=\"color: #fa0a8a;\">O<\/span>n a pu croire qu\u2019un site patrimonial restaur\u00e9, accueillant diff\u00e9rents publics, suffisait \u00e0 une rencontre en quelque sorte purement esth\u00e9tique avec l\u2019architecture, les fresques, les sculptures&#8230; Mais qui peut se nourrir d\u2019une \u0153uvre, sans disposer des cl\u00e9s de lecture? Fort de ce constat, un groupe de r\u00e9flexion sur la m\u00e9diation, a \u00e9t\u00e9 mis en place, associant gestionnaires de site, guides-conf\u00e9renciers, artistes, chercheurs, etc.<\/p>\n<figure id=\"attachment_344\" aria-describedby=\"caption-attachment-344\" style=\"width: 647px\" class=\"wp-caption aligncenter\"><img loading=\"lazy\" decoding=\"async\" class=\"wp-image-344 \" src=\"http:\/\/abbatia.eu\/wp-content\/uploads\/2016\/10\/IMG_0768-\u00a9-S\u00e9bastien-Laval-1024x683.jpg\" alt=\"img_0768-sebastien-laval\" width=\"647\" height=\"431\" srcset=\"http:\/\/abbatia.eu\/wp-content\/uploads\/2016\/10\/IMG_0768-\u00a9-S\u00e9bastien-Laval-1024x683.jpg 1024w, http:\/\/abbatia.eu\/wp-content\/uploads\/2016\/10\/IMG_0768-\u00a9-S\u00e9bastien-Laval-300x200.jpg 300w, http:\/\/abbatia.eu\/wp-content\/uploads\/2016\/10\/IMG_0768-\u00a9-S\u00e9bastien-Laval-768x512.jpg 768w, http:\/\/abbatia.eu\/wp-content\/uploads\/2016\/10\/IMG_0768-\u00a9-S\u00e9bastien-Laval-830x553.jpg 830w, http:\/\/abbatia.eu\/wp-content\/uploads\/2016\/10\/IMG_0768-\u00a9-S\u00e9bastien-Laval-230x153.jpg 230w, http:\/\/abbatia.eu\/wp-content\/uploads\/2016\/10\/IMG_0768-\u00a9-S\u00e9bastien-Laval-350x233.jpg 350w, http:\/\/abbatia.eu\/wp-content\/uploads\/2016\/10\/IMG_0768-\u00a9-S\u00e9bastien-Laval-480x320.jpg 480w\" sizes=\"auto, (max-width: 647px) 100vw, 647px\" \/><figcaption id=\"caption-attachment-344\" class=\"wp-caption-text\">\u00a9 S\u00e9bastien Laval<\/figcaption><\/figure>\n<p><span style=\"color: #fa0a8a;\">L<\/span>\u2019objectif de ce travail qui prendra plusieurs ann\u00e9es, est, \u00e0 terme, de se nourrir des constats (\u00e9conomie, tourisme), des exp\u00e9riences men\u00e9es sur chaque site et d\u2019aboutir \u00e0 de nouvelles propositions (technologiques, artistiques, mus\u00e9ales), permettant d\u2019ouvrir nos sites plus largement, de d\u00e9complexifier le message d\u2019une abbaye, et d\u2019aborder des notions du pass\u00e9 mais avec une \u00ab r\u00e9sonnance contemporaine \u00bb. Il s\u2019agira aussi, tout en \u00e9tant proche du discours scientifique et artistique, de r\u00e9pondre aux questions de la soci\u00e9t\u00e9 civile.<\/p>\n<\/div>\n<\/div>\n<\/div>\n<\/div>\n<\/div>\n<\/div>\n<figure id=\"attachment_320\" aria-describedby=\"caption-attachment-320\" style=\"width: 630px\" class=\"wp-caption aligncenter\"><img loading=\"lazy\" decoding=\"async\" class=\"wp-image-320 \" src=\"http:\/\/abbatia.eu\/wp-content\/uploads\/2016\/10\/IMG_5398-1024x768.jpg\" alt=\"img_5398\" width=\"630\" height=\"473\" srcset=\"http:\/\/abbatia.eu\/wp-content\/uploads\/2016\/10\/IMG_5398-1024x768.jpg 1024w, http:\/\/abbatia.eu\/wp-content\/uploads\/2016\/10\/IMG_5398-300x225.jpg 300w, http:\/\/abbatia.eu\/wp-content\/uploads\/2016\/10\/IMG_5398-768x576.jpg 768w, http:\/\/abbatia.eu\/wp-content\/uploads\/2016\/10\/IMG_5398-830x623.jpg 830w, http:\/\/abbatia.eu\/wp-content\/uploads\/2016\/10\/IMG_5398-230x173.jpg 230w, http:\/\/abbatia.eu\/wp-content\/uploads\/2016\/10\/IMG_5398-350x263.jpg 350w, http:\/\/abbatia.eu\/wp-content\/uploads\/2016\/10\/IMG_5398-480x360.jpg 480w\" sizes=\"auto, (max-width: 630px) 100vw, 630px\" \/><figcaption id=\"caption-attachment-320\" class=\"wp-caption-text\">\u00a9 Abbaye de Trizay<\/figcaption><\/figure>\n<\/div>\n<\/div>\n<\/div>\n","protected":false},"excerpt":{"rendered":"<p>UN DIALOGUE \u00c0 R\u00c9INVENTER M\u00eame si cela peut sembler une \u00e9vidence de [&hellip;]<\/p>\n","protected":false},"author":1,"featured_media":0,"parent":0,"menu_order":0,"comment_status":"closed","ping_status":"closed","template":"","meta":{"footnotes":""},"class_list":["post-35","page","type-page","status-publish","hentry"],"_links":{"self":[{"href":"http:\/\/abbatia.eu\/index.php\/wp-json\/wp\/v2\/pages\/35","targetHints":{"allow":["GET"]}}],"collection":[{"href":"http:\/\/abbatia.eu\/index.php\/wp-json\/wp\/v2\/pages"}],"about":[{"href":"http:\/\/abbatia.eu\/index.php\/wp-json\/wp\/v2\/types\/page"}],"author":[{"embeddable":true,"href":"http:\/\/abbatia.eu\/index.php\/wp-json\/wp\/v2\/users\/1"}],"replies":[{"embeddable":true,"href":"http:\/\/abbatia.eu\/index.php\/wp-json\/wp\/v2\/comments?post=35"}],"version-history":[{"count":7,"href":"http:\/\/abbatia.eu\/index.php\/wp-json\/wp\/v2\/pages\/35\/revisions"}],"predecessor-version":[{"id":1361,"href":"http:\/\/abbatia.eu\/index.php\/wp-json\/wp\/v2\/pages\/35\/revisions\/1361"}],"wp:attachment":[{"href":"http:\/\/abbatia.eu\/index.php\/wp-json\/wp\/v2\/media?parent=35"}],"curies":[{"name":"wp","href":"https:\/\/api.w.org\/{rel}","templated":true}]}}

Médiation Patrimoine

<div class="page" title="Page 3">
<div class="layoutArea">
<div class="column">
<h3><span style="color: #fa0a8a;">UN DIALOGUE</span> À RÉINVENTER</h3>
<div class="page" title="Page 3">
<div class="layoutArea">
<div class="column">
<p style="text-align: justify;"><span style="color: #fa0a8a;">M</span>ême si cela peut sembler une évidence de le dire, les membres du réseau ABBATIA, font tous le même constat : il est nécessaire, voire urgent, de renouveler profondément le discours sur la notion de patrimoine.</p>
<div class="page" title="Page 3">
<div class="layoutArea">
<div class="column" style="text-align: justify;">
<p><span style="color: #fa0a8a;">O</span>n a pu croire qu’un site patrimonial restauré, accueillant différents publics, suffisait à une rencontre en quelque sorte purement esthétique avec l’architecture, les fresques, les sculptures&#8230; Mais qui peut se nourrir d’une œuvre, sans disposer des clés de lecture? Fort de ce constat, un groupe de réflexion sur la médiation, a été mis en place, associant gestionnaires de site, guides-conférenciers, artistes, chercheurs, etc.</p>
<figure id="attachment_344" aria-describedby="caption-attachment-344" style="width: 647px" class="wp-caption aligncenter"><img loading="lazy" decoding="async" class="wp-image-344 " src="http://abbatia.eu/wp-content/uploads/2016/10/IMG_0768-©-Sébastien-Laval-1024x683.jpg" alt="img_0768-sebastien-laval" width="647" height="431" srcset="http://abbatia.eu/wp-content/uploads/2016/10/IMG_0768-©-Sébastien-Laval-1024x683.jpg 1024w, http://abbatia.eu/wp-content/uploads/2016/10/IMG_0768-©-Sébastien-Laval-300x200.jpg 300w, http://abbatia.eu/wp-content/uploads/2016/10/IMG_0768-©-Sébastien-Laval-768x512.jpg 768w, http://abbatia.eu/wp-content/uploads/2016/10/IMG_0768-©-Sébastien-Laval-830x553.jpg 830w, http://abbatia.eu/wp-content/uploads/2016/10/IMG_0768-©-Sébastien-Laval-230x153.jpg 230w, http://abbatia.eu/wp-content/uploads/2016/10/IMG_0768-©-Sébastien-Laval-350x233.jpg 350w, http://abbatia.eu/wp-content/uploads/2016/10/IMG_0768-©-Sébastien-Laval-480x320.jpg 480w" sizes="auto, (max-width: 647px) 100vw, 647px" /><figcaption id="caption-attachment-344" class="wp-caption-text">© Sébastien Laval</figcaption></figure>
<p><span style="color: #fa0a8a;">L</span>’objectif de ce travail qui prendra plusieurs années, est, à terme, de se nourrir des constats (économie, tourisme), des expériences menées sur chaque site et d’aboutir à de nouvelles propositions (technologiques, artistiques, muséales), permettant d’ouvrir nos sites plus largement, de décomplexifier le message d’une abbaye, et d’aborder des notions du passé mais avec une « résonnance contemporaine ». Il s’agira aussi, tout en étant proche du discours scientifique et artistique, de répondre aux questions de la société civile.</p>
</div>
</div>
</div>
</div>
</div>
</div>
<figure id="attachment_320" aria-describedby="caption-attachment-320" style="width: 630px" class="wp-caption aligncenter"><img loading="lazy" decoding="async" class="wp-image-320 " src="http://abbatia.eu/wp-content/uploads/2016/10/IMG_5398-1024x768.jpg" alt="img_5398" width="630" height="473" srcset="http://abbatia.eu/wp-content/uploads/2016/10/IMG_5398-1024x768.jpg 1024w, http://abbatia.eu/wp-content/uploads/2016/10/IMG_5398-300x225.jpg 300w, http://abbatia.eu/wp-content/uploads/2016/10/IMG_5398-768x576.jpg 768w, http://abbatia.eu/wp-content/uploads/2016/10/IMG_5398-830x623.jpg 830w, http://abbatia.eu/wp-content/uploads/2016/10/IMG_5398-230x173.jpg 230w, http://abbatia.eu/wp-content/uploads/2016/10/IMG_5398-350x263.jpg 350w, http://abbatia.eu/wp-content/uploads/2016/10/IMG_5398-480x360.jpg 480w" sizes="auto, (max-width: 630px) 100vw, 630px" /><figcaption id="caption-attachment-320" class="wp-caption-text">© Abbaye de Trizay</figcaption></figure>
</div>
</div>
</div>

<p>UN DIALOGUE À RÉINVENTER Même si cela peut sembler une évidence de [&hellip;]</p>
