{"id":6,"date":"2016-10-12T09:43:41","date_gmt":"2016-10-12T07:43:41","guid":{"rendered":"http:\/\/abbatia.eu\/?page_id=6"},"modified":"2024-05-31T11:39:51","modified_gmt":"2024-05-31T09:39:51","slug":"qui-sommes-nous","status":"publish","type":"page","link":"http:\/\/abbatia.eu\/index.php\/qui-sommes-nous\/","title":{"rendered":"Qui sommes-nous ?"},"content":{"rendered":"<div class=\"page\" title=\"Page 1\">\n<div class=\"section\">\n<div class=\"layoutArea\">\n<div class=\"column\">\n<p><img loading=\"lazy\" decoding=\"async\" class=\"aligncenter wp-image-146 size-large\" src=\"http:\/\/abbatia.eu\/wp-content\/uploads\/2016\/10\/LOGO-ABBATIA-FOND-TRANSPARENT-copie-1024x680.png\" alt=\"logo-abbatia-fond-transparent-copie\" width=\"1024\" height=\"680\" srcset=\"http:\/\/abbatia.eu\/wp-content\/uploads\/2016\/10\/LOGO-ABBATIA-FOND-TRANSPARENT-copie-1024x680.png 1024w, http:\/\/abbatia.eu\/wp-content\/uploads\/2016\/10\/LOGO-ABBATIA-FOND-TRANSPARENT-copie-300x199.png 300w, http:\/\/abbatia.eu\/wp-content\/uploads\/2016\/10\/LOGO-ABBATIA-FOND-TRANSPARENT-copie-768x510.png 768w, http:\/\/abbatia.eu\/wp-content\/uploads\/2016\/10\/LOGO-ABBATIA-FOND-TRANSPARENT-copie-830x551.png 830w, http:\/\/abbatia.eu\/wp-content\/uploads\/2016\/10\/LOGO-ABBATIA-FOND-TRANSPARENT-copie-230x153.png 230w, http:\/\/abbatia.eu\/wp-content\/uploads\/2016\/10\/LOGO-ABBATIA-FOND-TRANSPARENT-copie-350x232.png 350w, http:\/\/abbatia.eu\/wp-content\/uploads\/2016\/10\/LOGO-ABBATIA-FOND-TRANSPARENT-copie-480x319.png 480w\" sizes=\"auto, (max-width: 1024px) 100vw, 1024px\" \/><\/p>\n<p style=\"text-align: justify;\"><span style=\"color: #fa0a8a;\">D<\/span>es sites, d\u2019une port\u00e9e historique majeure pour la r\u00e9gion, illustrent le dialogue qui se noue depuis\u00a0des si\u00e8cles entre les monuments cr\u00e9\u00e9s par l\u2019homme et le paysage, o\u00f9 chaque \u00e9tablissement a su s\u2019inscrire pour y jouer un r\u00f4le fort. Hauts lieux de l\u2019histoire monastique, ces structures, aujourd\u2019hui regroup\u00e9es au sein d\u2019un m\u00eame r\u00e9seau, se sont impos\u00e9es au cours de leur histoire. Elles en furent les acteurs du rayonnement spirituel, culturel et artistique tout autant que politique, \u00e9conomique et social.<\/p>\n<\/div>\n<div class=\"column\">\n<p style=\"text-align: justify;\"><span style=\"color: #fa0a8a;\">A<\/span>ujourd\u2019hui, gr\u00e2ce \u00e0 une volont\u00e9 politique et soci\u00e9tale forte, nous sommes des p\u00f4les de rayonnement ouverts aux \u00e9changes culturels et artistiques aux vocations vari\u00e9es attachant une grande importance \u00e0 la cr\u00e9ation contemporaine. De propri\u00e9t\u00e9 publique ou priv\u00e9e, ces monuments \u201cpartag\u00e9s\u201d assurent le lien entre le publics, les gestionnaires de sites et les autres acteurs de la vie culturelle et \u00e9conomique. Nos activit\u00e9s nous r\u00e9unissent au sein d\u2019un r\u00e9seau, autour de valeurs communes.<\/p>\n<div class=\"page\" title=\"Page 1\">\n<div class=\"section\">\n<div class=\"layoutArea\">\n<div class=\"column\">\n<h4>\u00a0<\/h4>\n<h4><span style=\"color: #fa0a8a;\">Vers une visibilit\u00e9 renforc\u00e9e aupr\u00e8s des acteurs et un\u00a0rayonnement sur un large territoire<\/span><\/h4>\n<\/div>\n<\/div>\n<div class=\"layoutArea\">\n<div class=\"column\">\n<p style=\"text-align: justify;\"><span style=\"color: #fa0a8a;\">V<\/span>is-\u00e0-vis des partenaires, nous nous pr\u00e9sentons comme un r\u00e9seau structur\u00e9 partageant des objectifs communs. Notre ambition est de gagner en visibilit\u00e9 tant aupr\u00e8s des collectivit\u00e9s, des partenaires que du public, renfor\u00e7ant ainsi la cr\u00e9dibilit\u00e9 de chaque \u00e9tablissement adh\u00e9rent et participant au rayonnement du territoire. La mise en r\u00e9seau permet \u00e0 chacun des sites de participer davantage aux politiques publiques et de contribuer \u00e0 la recherche scientifique.<\/p>\n<p style=\"text-align: justify;\"><span style=\"color: #fa0a8a;\">U<\/span>ne action concert\u00e9e au sein du r\u00e9seau permet d\u2019assurer un rayonnement territorial large (R\u00e9gion, D\u00e9partement et intercommunalit\u00e9s) afin d\u2019\u00eatre pr\u00e9sents dans le cadre des politiques culturelles et \u00e9ducatives. Le r\u00e9seau contribue ainsi \u00e0 renforcer \u00abl\u2019image\u00bb des territoires qu\u2019ils couvrent.<\/p>\n<\/div>\n<p style=\"text-align: justify;\">Notre r\u00e9seau s&rsquo;est structur\u00e9 en association loi 1901 le 29 Avril 2015, il compte aujourd&rsquo;hui 15 membres. La pr\u00e9sidence est assur\u00e9e par Mme V\u00e9ronique BERGONZONI, directrice du prieur\u00e9 Saint Jean l&rsquo;Evang\u00e9liste dit \u00ab\u00a0abbaye de Trizay\u00a0\u00bb\u00a0 (17).<\/p>\n<\/div>\n<\/div>\n<\/div>\n<\/div>\n<\/div>\n<\/div>\n<\/div>\n\n\n<figure class=\"wp-block-image size-large\"><img loading=\"lazy\" decoding=\"async\" width=\"724\" height=\"1024\" src=\"http:\/\/abbatia.eu\/wp-content\/uploads\/2024\/05\/Carte-Abbatia-1-1-724x1024.jpg\" alt=\"\" class=\"wp-image-1762\" srcset=\"http:\/\/abbatia.eu\/wp-content\/uploads\/2024\/05\/Carte-Abbatia-1-1-724x1024.jpg 724w, http:\/\/abbatia.eu\/wp-content\/uploads\/2024\/05\/Carte-Abbatia-1-1-212x300.jpg 212w, http:\/\/abbatia.eu\/wp-content\/uploads\/2024\/05\/Carte-Abbatia-1-1-768x1086.jpg 768w, http:\/\/abbatia.eu\/wp-content\/uploads\/2024\/05\/Carte-Abbatia-1-1-1086x1536.jpg 1086w, http:\/\/abbatia.eu\/wp-content\/uploads\/2024\/05\/Carte-Abbatia-1-1-920x1301.jpg 920w, http:\/\/abbatia.eu\/wp-content\/uploads\/2024\/05\/Carte-Abbatia-1-1-230x325.jpg 230w, http:\/\/abbatia.eu\/wp-content\/uploads\/2024\/05\/Carte-Abbatia-1-1-350x495.jpg 350w, http:\/\/abbatia.eu\/wp-content\/uploads\/2024\/05\/Carte-Abbatia-1-1-480x679.jpg 480w, http:\/\/abbatia.eu\/wp-content\/uploads\/2024\/05\/Carte-Abbatia-1-1.jpg 1414w\" sizes=\"auto, (max-width: 724px) 100vw, 724px\" \/><\/figure>\n\n\n\n<p style=\"font-size:24px\"><mark style=\"background-color:rgba(0, 0, 0, 0);color:#ff00a1\" class=\"has-inline-color\">Monast\u00e8res de l&rsquo;Aquitaine m\u00e9di\u00e9vale :<\/mark><\/p>\n\n\n\n<p>Vid\u00e9o issue des conclusions du programme de recherche r\u00e9gional <em>Monasticon Aquitaniae<\/em>, \u00e9tudiant les monast\u00e8res m\u00e9di\u00e9vaux en Aquitaine et port\u00e9 par l&rsquo;Universit\u00e9 Bordeaux Montaigne r\u00e9alis\u00e9e avec Abbatia et pr\u00e9sentant les abbayes du r\u00e9seau par d\u00e9partement.<\/p>\n\n\n\n<figure class=\"wp-block-embed is-type-video is-provider-vimeo wp-block-embed-vimeo wp-embed-aspect-16-9 wp-has-aspect-ratio\"><div class=\"wp-block-embed__wrapper\">\n<iframe loading=\"lazy\" title=\"VERSION 5.03 - HD 1080p\" src=\"https:\/\/player.vimeo.com\/video\/924372997?h=894557f103&amp;dnt=1&amp;app_id=122963\" width=\"1170\" height=\"658\" frameborder=\"0\" allow=\"autoplay; fullscreen; picture-in-picture; clipboard-write\"><\/iframe>\n<\/div><\/figure>\n\n\n\n<h4 class=\"wp-block-heading\"><mark style=\"background-color:rgba(0, 0, 0, 0);color:#ff0091\" class=\"has-inline-color\">Ce qui\u00a0nous\u00a0rassemble<\/mark><\/h4>\n\n\n\n<p><strong>Mettre en r\u00e9seau un ensemble d\u2019abbayes aujourd\u2019hui n\u2019a de pertinence que si ces lieux et leurs acteurs partagent un ensemble de valeurs quant \u00e0 leur r\u00f4le dans la soci\u00e9t\u00e9<\/strong>.<\/p>\n\n\n\n<p>La m\u00e9moire de ces lieux, et ce qu\u2019ils offrent au public comme t\u00e9moignage est \u00e0 consid\u00e9rer comme le terreau culturel sur lequel s\u2019\u00e9rigent \u00e0 la fois la volont\u00e9 de transmettre et celle de cr\u00e9er. Si la n\u00e9cessit\u00e9 de la pr\u00e9servation du patrimoine n\u2019est plus \u00e0 d\u00e9montrer, sa transmission n\u2019est pas qu\u2019un passage de t\u00e9moin. Transmettre, c\u2019est interroger le sens des pierres, de leur m\u00e9moire, pour construire une parole contemporaine, d\u00e9velopper un sentiment d\u2019appartenance ou de familiarit\u00e9, faire en sorte que les t\u00e9moignages d\u2019avant et d\u2019aujourd\u2019hui soient accessible au plus large public, l\u2019\u00e9meuvent et le questionnent. Nous avons l\u2019ambition d\u2019\u00eatre des b\u00e2tisseurs d\u2019interfaces, entre notre patrimoine et la soci\u00e9t\u00e9 de demain.<\/p>\n\n\n\n<p>Comme tels, nous nous voulons par cons\u00e9quent des espaces de cr\u00e9ation, prolongeant ainsi ce que fut autrefois le fertile mouvement d\u2019innovation des abbayes. \u00c9changes intellectuels, effervescence artistique, d\u00e9clinaisons multiples d\u2019activit\u00e9s, nos lieux cherchent \u00e0 produire du sens, \u00e0 l\u2019heure o\u00f9 la soci\u00e9t\u00e9, par certains aspects, semble en \u00eatre priv\u00e9e. Ainsi nous souhaitons une pratique culturelle soucieuse \u00e0 la fois de l\u2019\u00e9thique et du d\u00e9veloppement local, incluant une dimension \u00e9conomique r\u00e9elle.<\/p>\n\n\n\n<h4 class=\"wp-block-heading\"><mark style=\"background-color:rgba(0, 0, 0, 0);color:#ff00a1\" class=\"has-inline-color\">Organigramme du bureau de l&rsquo;association :<\/mark><\/h4>\n\n\n\n<figure class=\"wp-block-image size-large\"><img loading=\"lazy\" decoding=\"async\" width=\"759\" height=\"1024\" src=\"http:\/\/abbatia.eu\/wp-content\/uploads\/2024\/04\/Le-bureau-du-reseau-Abbatia-759x1024.png\" alt=\"\" class=\"wp-image-1711\" srcset=\"http:\/\/abbatia.eu\/wp-content\/uploads\/2024\/04\/Le-bureau-du-reseau-Abbatia-759x1024.png 759w, http:\/\/abbatia.eu\/wp-content\/uploads\/2024\/04\/Le-bureau-du-reseau-Abbatia-222x300.png 222w, http:\/\/abbatia.eu\/wp-content\/uploads\/2024\/04\/Le-bureau-du-reseau-Abbatia-768x1037.png 768w, http:\/\/abbatia.eu\/wp-content\/uploads\/2024\/04\/Le-bureau-du-reseau-Abbatia-920x1242.png 920w, http:\/\/abbatia.eu\/wp-content\/uploads\/2024\/04\/Le-bureau-du-reseau-Abbatia-230x310.png 230w, http:\/\/abbatia.eu\/wp-content\/uploads\/2024\/04\/Le-bureau-du-reseau-Abbatia-350x472.png 350w, http:\/\/abbatia.eu\/wp-content\/uploads\/2024\/04\/Le-bureau-du-reseau-Abbatia-480x648.png 480w, http:\/\/abbatia.eu\/wp-content\/uploads\/2024\/04\/Le-bureau-du-reseau-Abbatia.png 1138w\" sizes=\"auto, (max-width: 759px) 100vw, 759px\" \/><\/figure>\n\n\n\n<p><\/p>\n","protected":false},"excerpt":{"rendered":"<p>Des sites, d\u2019une port\u00e9e historique majeure pour la r\u00e9gion, illustrent le dialogue [&hellip;]<\/p>\n","protected":false},"author":1,"featured_media":0,"parent":0,"menu_order":0,"comment_status":"closed","ping_status":"closed","template":"","meta":{"footnotes":""},"class_list":["post-6","page","type-page","status-publish","hentry"],"_links":{"self":[{"href":"http:\/\/abbatia.eu\/index.php\/wp-json\/wp\/v2\/pages\/6","targetHints":{"allow":["GET"]}}],"collection":[{"href":"http:\/\/abbatia.eu\/index.php\/wp-json\/wp\/v2\/pages"}],"about":[{"href":"http:\/\/abbatia.eu\/index.php\/wp-json\/wp\/v2\/types\/page"}],"author":[{"embeddable":true,"href":"http:\/\/abbatia.eu\/index.php\/wp-json\/wp\/v2\/users\/1"}],"replies":[{"embeddable":true,"href":"http:\/\/abbatia.eu\/index.php\/wp-json\/wp\/v2\/comments?post=6"}],"version-history":[{"count":37,"href":"http:\/\/abbatia.eu\/index.php\/wp-json\/wp\/v2\/pages\/6\/revisions"}],"predecessor-version":[{"id":1763,"href":"http:\/\/abbatia.eu\/index.php\/wp-json\/wp\/v2\/pages\/6\/revisions\/1763"}],"wp:attachment":[{"href":"http:\/\/abbatia.eu\/index.php\/wp-json\/wp\/v2\/media?parent=6"}],"curies":[{"name":"wp","href":"https:\/\/api.w.org\/{rel}","templated":true}]}}