{"id":68,"date":"2016-10-12T10:30:10","date_gmt":"2016-10-12T08:30:10","guid":{"rendered":"http:\/\/abbatia.eu\/?page_id=68"},"modified":"2022-04-27T12:57:49","modified_gmt":"2022-04-27T10:57:49","slug":"abbaye-de-vertheuil-en-medoc","status":"publish","type":"page","link":"http:\/\/abbatia.eu\/index.php\/abbaye-de-vertheuil-en-medoc\/","title":{"rendered":"Abbaye de Vertheuil en M\u00e9doc"},"content":{"rendered":"<p>Nouvelle-Aquitaine<\/p>\n<figure id=\"attachment_1036\" aria-describedby=\"caption-attachment-1036\" style=\"width: 591px\" class=\"wp-caption aligncenter\"><img loading=\"lazy\" decoding=\"async\" class=\"wp-image-1036\" src=\"http:\/\/abbatia.eu\/wp-content\/uploads\/2019\/12\/parc20abbaye20de20Vertheuil.jpg\" alt=\"\" width=\"591\" height=\"396\" srcset=\"http:\/\/abbatia.eu\/wp-content\/uploads\/2019\/12\/parc20abbaye20de20Vertheuil.jpg 275w, http:\/\/abbatia.eu\/wp-content\/uploads\/2019\/12\/parc20abbaye20de20Vertheuil-230x154.jpg 230w\" sizes=\"auto, (max-width: 591px) 100vw, 591px\" \/><figcaption id=\"caption-attachment-1036\" class=\"wp-caption-text\">\u00a9Vertheuil en M\u00e9doc<\/figcaption><\/figure>\n<h5 style=\"text-align: center;\"><span style=\"color: #ff0095;\"><strong>HISTORIQUE<\/strong><\/span><\/h5>\n<div class=\"page\" title=\"Page 3\">\n<div class=\"layoutArea\">\n<div class=\"column\">\n<p>L\u2019abbaye est situ\u00e9e en plein centre bourg de Vertheuil en M\u00e9doc.\u00a0Elle se compose d\u2019une \u00e9glise abbatiale du XII\u00e8me s et d\u2019un logis du XVIII\u00e8me s.\u00a0C\u2019est une ancienne abbaye des Chanoines R\u00e9guliers de Saint Augustin. Construite \u00e0 l\u2019emplacement d\u2019une villa gallo-romaine elle est \u00e0 l\u2019abri de la forteresse de Vertheuil.\u00a0Connue depuis la \u00ab\u00a0Charte de Vertheuil\u00a0\u00bb de 1081 c\u2019est Guillaume VIII duc D\u2019Aquitaine qui est son fondateur historique. Elle devient papale en 1179.\u00a0D\u00e9vast\u00e9e pendant les guerres de 100 ans et de religion, son histoire au cours des si\u00e8cles est mal connue car une grande partie des archives a disparu.<\/p>\n<p>L\u2019abbaye devient royale apr\u00e8s 1453 et fonctionne sous le r\u00e9gime de la Commende.\u00a0Elle est incendi\u00e9e et d\u00e9vast\u00e9e en 1572 par le Comte de Castillon. L\u2019abbaye est cependant tr\u00e8s riche et a sous sa coupe plus de 9 paroisses.\u00a0En 1621, l\u2019abb\u00e9 de Vertheuil prend les armes contre les r\u00e9form\u00e9s de Fabas.\u00a0Entre 1620 et 1630, la r\u00e9forme canoniale d\u2019Alain de Solminihac fait entrer l\u2019abbaye dans la congr\u00e9gation de Chancelade.\u00a0L\u2019abb\u00e9 d\u00e9cide en 1750 de raser les b\u00e2timents claustraux du Moyen-Age et reconstruit dans le style de l\u2019\u00e9poque.<\/p>\n<p>D\u00e9clar\u00e9 \u00ab Bien National\u00a0\u00bb en 1791, l\u2019abbaye est vendue \u00e0 un armateur et n\u00e9gociant \u00e9cossais de Bordeaux, Jean Robert Skinner. Elle reste dans la famille jusque dans les ann\u00e9es 1950. Sauv\u00e9e de peu de la destruction, elle devient communale en 1974.<\/p>\n<div class=\"page\" title=\"Page 3\">\n<div class=\"layoutArea\">\n<div class=\"column\">\n<div class=\"page\" title=\"Page 3\">\n<div class=\"layoutArea\">\n<div class=\"column\">\n<figure id=\"attachment_1038\" aria-describedby=\"caption-attachment-1038\" style=\"width: 626px\" class=\"wp-caption aligncenter\"><img loading=\"lazy\" decoding=\"async\" class=\"wp-image-1038\" src=\"http:\/\/abbatia.eu\/wp-content\/uploads\/2019\/12\/vue20escaliers.jpg\" alt=\"\" width=\"626\" height=\"417\" srcset=\"http:\/\/abbatia.eu\/wp-content\/uploads\/2019\/12\/vue20escaliers.jpg 303w, http:\/\/abbatia.eu\/wp-content\/uploads\/2019\/12\/vue20escaliers-300x200.jpg 300w, http:\/\/abbatia.eu\/wp-content\/uploads\/2019\/12\/vue20escaliers-230x153.jpg 230w\" sizes=\"auto, (max-width: 626px) 100vw, 626px\" \/><figcaption id=\"caption-attachment-1038\" class=\"wp-caption-text\">\u00a9Vertheuil en M\u00e9doc<\/figcaption><\/figure>\n<h5 style=\"text-align: center;\"><span style=\"color: #ff0095;\"><strong>VISITE &#8211; D\u00c9COUVERTE\u00a0<\/strong><\/span><\/h5>\n<div class=\"page\" title=\"Page 5\">\n<div class=\"layoutArea\">\n<div class=\"column\">\n<ul>\n<li><span style=\"color: #fa0a8a;\">L\u2019\u00e9glise abbatiale Saint Pierre de Vertheuil<\/span> est un monument fort vaste et exceptionnel. Sa construction commence au XI\u00e8me si\u00e8cle, se poursuit au XII\u00e8me, XV\u00e8me, XVI\u00e8me s et sera en travaux au XIX\u00e8me et XX\u00e8me s. La nef principale fait 53 m, comporte 4 trav\u00e9es, des bas-c\u00f4t\u00e9s, un d\u00e9ambulatoire avec 3 chapelles. La nef et le ch\u0153ur sont vo\u00fbt\u00e9s d\u2019ogives de la fin de la p\u00e9riode gothique.<\/li>\n<li><span style=\"color: #fa0a8a;\">L\u2019\u00e9glise est domin\u00e9e par deux clochers<\/span>, celui du nord octogonal est du XII\u00e8me s, celui du sud est du XV\u00e8me s. Le portail sud est de style saintongeais mais a \u00e9t\u00e9 mutil\u00e9 au XVIII\u00e8me s. Les b\u00e2timents claustraux ont \u00e9t\u00e9 reconstruits au XVIII\u00e8me s. Ils n\u2019ont conserv\u00e9 de l\u2019\u00e9poque m\u00e9di\u00e9vale que leurs caves vo\u00fbt\u00e9es, une ouverture avec colonnes et trois arcades gothiques de l\u2019ancien clo\u00eetre.<\/li>\n<li><span style=\"color: #fa0a8a;\">La galerie du rez-de-chauss\u00e9e<\/span> est desservie par deux escaliers monumentaux. Des d\u00e9cors du XVIII\u00e8me s sont encore nombreux. Le Petit Mus\u00e9e d\u2019Automates et l\u2019Eco-Mus\u00e9e sont install\u00e9s dans le logis des chanoines qui est, l\u2019\u00e9t\u00e9, le th\u00e9\u00e2tre de nombreux \u00e9v\u00e8nements (festival Vo\u00fbtes et Voix et expositions).<\/li>\n<li><span style=\"color: #fa0a8a;\">Les Amis de l\u2019Abbatiale et de l\u2019 Abbaye de Vertheuil<\/span> s\u2019investissent dans l\u2019animation du site. Un projet de valorisation est en cours d\u2019\u00e9laboration pour y accueillir un p\u00f4le culturel et touristique.<\/li>\n<\/ul>\n<div class=\"page\" title=\"Page 6\">\n<div class=\"layoutArea\">\n<div class=\"page\" title=\"Page 6\">\n<div class=\"layoutArea\">\n<div class=\"column\">\n<div class=\"page\" title=\"Page 6\">\n<div class=\"layoutArea\">\n<div class=\"column\">\n<div class=\"page\" title=\"Page 6\">\n<div class=\"layoutArea\">\n<div class=\"column\">\n<div class=\"page\" title=\"Page 7\">\n<div class=\"layoutArea\">\n<div class=\"column\">\n<div class=\"page\" title=\"Page 7\">\n<div class=\"layoutArea\">\n<div class=\"column\">\n<div class=\"page\" title=\"Page 7\">\n<div class=\"layoutArea\">\n<div class=\"column\">\n<div class=\"page\" title=\"Page 8\">\n<div class=\"layoutArea\">\n<div class=\"column\">\n<p><strong>Retrouvez toutes les actualit\u00e9s de l\u2019Abbaye de Vertheuil en M\u00e9doc sur le site internet en<span style=\"color: #fa0a8a;\">\u00a0<a style=\"color: #fa0a8a;\" href=\"http:\/\/www.vertheuil-medoc.com\" target=\"_blank\" rel=\"noopener noreferrer\">cliquant ici<\/a>.\u00a0<\/span><\/strong><\/p>\n<hr \/>\n<p style=\"text-align: right;\"><strong><span style=\"color: #ff0095;\">Plus d&rsquo;informations :<\/span><\/strong><\/p>\n<p style=\"text-align: right;\"><a href=\"http:\/\/abbatia.eu\/index.php\/locations\/abbaye-de-vertheuil-en-medoc\/\">Abbaye de Vertheuil en M\u00e9doc<\/a><\/p>\n<p style=\"text-align: right;\">tel.\u00a0:\u00a005.56.73.30.10<\/p>\n<div class=\"page\" title=\"Page 8\">\n<div class=\"layoutArea\">\n<div class=\"column\">\n<p style=\"text-align: right;\"><a href=\"mailto:communedevertheuil@orange.fr\">communedevertheuil@orange.fr<\/a><\/p>\n<p style=\"text-align: right;\"><img loading=\"lazy\" decoding=\"async\" class=\"alignnone wp-image-1046 \" src=\"http:\/\/abbatia.eu\/wp-content\/uploads\/2019\/12\/logo-Vertheuil.png\" alt=\"logo-vertheuil\" width=\"266\" height=\"122\" srcset=\"http:\/\/abbatia.eu\/wp-content\/uploads\/2019\/12\/logo-Vertheuil.png 435w, http:\/\/abbatia.eu\/wp-content\/uploads\/2019\/12\/logo-Vertheuil-300x138.png 300w, http:\/\/abbatia.eu\/wp-content\/uploads\/2019\/12\/logo-Vertheuil-230x106.png 230w, http:\/\/abbatia.eu\/wp-content\/uploads\/2019\/12\/logo-Vertheuil-350x161.png 350w\" sizes=\"auto, (max-width: 266px) 100vw, 266px\" \/><\/p>\n<\/div>\n<\/div>\n<\/div>\n<\/div>\n<\/div>\n<\/div>\n<\/div>\n<\/div>\n<\/div>\n<\/div>\n<\/div>\n<\/div>\n<\/div>\n<\/div>\n<\/div>\n<\/div>\n<\/div>\n<\/div>\n<\/div>\n<\/div>\n<\/div>\n<\/div>\n<\/div>\n<\/div>\n<\/div>\n<\/div>\n<\/div>\n<\/div>\n<\/div>\n<\/div>\n<\/div>\n<\/div>\n<\/div>\n<\/div>\n<\/div>\n<\/div>\n<\/div>\n<\/div>\n","protected":false},"excerpt":{"rendered":"<p>Nouvelle-Aquitaine HISTORIQUE L\u2019abbaye est situ\u00e9e en plein centre bourg de Vertheuil en [&hellip;]<\/p>\n","protected":false},"author":1,"featured_media":0,"parent":0,"menu_order":0,"comment_status":"closed","ping_status":"closed","template":"","meta":{"footnotes":""},"class_list":["post-68","page","type-page","status-publish","hentry"],"_links":{"self":[{"href":"http:\/\/abbatia.eu\/index.php\/wp-json\/wp\/v2\/pages\/68","targetHints":{"allow":["GET"]}}],"collection":[{"href":"http:\/\/abbatia.eu\/index.php\/wp-json\/wp\/v2\/pages"}],"about":[{"href":"http:\/\/abbatia.eu\/index.php\/wp-json\/wp\/v2\/types\/page"}],"author":[{"embeddable":true,"href":"http:\/\/abbatia.eu\/index.php\/wp-json\/wp\/v2\/users\/1"}],"replies":[{"embeddable":true,"href":"http:\/\/abbatia.eu\/index.php\/wp-json\/wp\/v2\/comments?post=68"}],"version-history":[{"count":8,"href":"http:\/\/abbatia.eu\/index.php\/wp-json\/wp\/v2\/pages\/68\/revisions"}],"predecessor-version":[{"id":1429,"href":"http:\/\/abbatia.eu\/index.php\/wp-json\/wp\/v2\/pages\/68\/revisions\/1429"}],"wp:attachment":[{"href":"http:\/\/abbatia.eu\/index.php\/wp-json\/wp\/v2\/media?parent=68"}],"curies":[{"name":"wp","href":"https:\/\/api.w.org\/{rel}","templated":true}]}}